{"id":4295,"date":"2023-05-14T12:43:54","date_gmt":"2023-05-14T12:43:54","guid":{"rendered":"https:\/\/roboczy.tej.24tm.pl\/?page_id=4295"},"modified":"2023-05-27T18:24:08","modified_gmt":"2023-05-27T18:24:08","slug":"o-nas","status":"publish","type":"page","link":"https:\/\/www.poprawska-kasztelan.pl\/?page_id=4295","title":{"rendered":"O nas"},"content":{"rendered":"\n<p>Jeste\u015bmy firm\u0105 \u015bwiadcz\u0105c\u0105 us\u0142ugi audytorsko \u2013 rachunkowe od ponad siedemnastu lat. Sp\u00f3\u0142ka Poprawska i Kasztelan, Biegli Rewidenci powsta\u0142a w 2003 roku (nr KRS: 0000164893). Dnia 15.07.2003 roku, zostali\u015bmy wpisani do prowadzonego przez Krajow\u0105 Izb\u0119 Bieg\u0142ych Rewident\u00f3w rejestru podmiot\u00f3w uprawnionych do badania sprawozda\u0144 finansowych pod poz. 2791.<\/p>\n\n\n\n<p>Od 2003 roku, specjalizujemy si\u0119 w \u015bwiadczeniu us\u0142ug w zakresie czynno\u015bci rewizji finansowej, w tym badania sprawozda\u0144 finansowych, jak r\u00f3wnie\u017c pozosta\u0142ych us\u0142ug wykonywanych przez bieg\u0142ych rewident\u00f3w. Us\u0142ugi te wykonuj\u0105 Partnerzy Sp\u00f3\u0142ki oraz wsp\u00f3\u0142pracuj\u0105cy Biegli Rewidenci i aplikanci, charakteryzuj\u0105cy si\u0119 fachow\u0105 wiedz\u0105 niezb\u0119dn\u0105 do realizacji powierzonych prac.<\/p>\n\n\n\n<p>Do dnia 31.12.2019 roku, specjalizowali\u015bmy si\u0119 r\u00f3wnie\u017c w kompleksowej obs\u0142udze ksi\u0119gowo \u2013 podatkowej oraz kadrowo \u2013 p\u0142acowej podmiot\u00f3w gospodarczych o r\u00f3\u017cnej formie prawnej i rodzaju dzia\u0142alno\u015bci. Dla przejrzysto\u015bci dzia\u0142alno\u015bci, us\u0142ugi te zosta\u0142y przeniesione z dniem 01.01.2020 roku do odr\u0119bnego podmiotu: JPK Poprawska i Kasztelan Sp\u00f3\u0142ka Jawna.<\/p>\n\n\n\n<h2 class=\"wp-block-heading\">Co nas wyr\u00f3\u017cnia?<\/h2>\n\n\n\n<ul class=\"wp-block-list\">\n<li>Wieloletnie do\u015bwiadczenie<\/li>\n\n\n\n<li>Profesjonalizm, rzetelno\u015b\u0107<\/li>\n\n\n\n<li>Bezpiecze\u0144stwo i poufno\u015b\u0107 danych<\/li>\n\n\n\n<li>Indywidualne podej\u015bcie<\/li>\n\n\n\n<li>Jasne i przejrzyste warunki wsp\u00f3\u0142pracy<\/li>\n\n\n\n<li>Dogodna lokalizacja<\/li>\n<\/ul>\n\n\n\n<h2 class=\"wp-block-heading\">Zarz\u0105d \u2013 Partnerzy<\/h2>\n\n\n\n<p>Zarz\u0105d Sp\u00f3\u0142ki tworz\u0105:<\/p>\n\n\n\n<ul class=\"wp-block-list\">\n<li>Ma\u0142gorzata Poprawska \u2013 Bieg\u0142y Rewident nr upr. 5796<\/li>\n\n\n\n<li>Hanna Kasztelan \u2013 Bieg\u0142y Rewident nr upr. 7780<\/li>\n<\/ul>\n\n\n\n<p>Partnerzy Zarz\u0105du charakteryzuj\u0105 si\u0119 d\u0142ugoletnim sta\u017cem pracy \u2013 zar\u00f3wno w zakresie prowadzenia ksi\u0105g rachunkowych, organizacji rachunkowo\u015bci i doradztwa podatkowego, jak r\u00f3wnie\u017c badania i nadzoru nad realizacj\u0105 badania sprawozda\u0144 finansowych podmiot\u00f3w z r\u00f3\u017cnych bran\u017c, dzia\u0142aj\u0105cych w r\u00f3\u017cnych formach prawnych.<\/p>\n","protected":false},"excerpt":{"rendered":"<p>Jeste\u015bmy firm\u0105 \u015bwiadcz\u0105c\u0105 us\u0142ugi audytorsko \u2013 rachunkowe od ponad siedemnastu lat. Sp\u00f3\u0142ka Poprawska i Kasztelan, Biegli Rewidenci powsta\u0142a w 2003 roku (nr KRS: 0000164893). Dnia 15.07.2003 roku, zostali\u015bmy wpisani do prowadzonego przez Krajow\u0105 Izb\u0119 Bieg\u0142ych Rewident\u00f3w rejestru podmiot\u00f3w uprawnionych do badania sprawozda\u0144 finansowych pod poz. 2791. Od 2003 roku, specjalizujemy [&hellip;]<\/p>\n","protected":false},"author":1,"featured_media":0,"parent":0,"menu_order":0,"comment_status":"closed","ping_status":"closed","template":"","meta":{"footnotes":""},"class_list":["post-4295","page","type-page","status-publish","hentry"],"_links":{"self":[{"href":"https:\/\/www.poprawska-kasztelan.pl\/index.php?rest_route=\/wp\/v2\/pages\/4295","targetHints":{"allow":["GET"]}}],"collection":[{"href":"https:\/\/www.poprawska-kasztelan.pl\/index.php?rest_route=\/wp\/v2\/pages"}],"about":[{"href":"https:\/\/www.poprawska-kasztelan.pl\/index.php?rest_route=\/wp\/v2\/types\/page"}],"author":[{"embeddable":true,"href":"https:\/\/www.poprawska-kasztelan.pl\/index.php?rest_route=\/wp\/v2\/users\/1"}],"replies":[{"embeddable":true,"href":"https:\/\/www.poprawska-kasztelan.pl\/index.php?rest_route=%2Fwp%2Fv2%2Fcomments&post=4295"}],"version-history":[{"count":3,"href":"https:\/\/www.poprawska-kasztelan.pl\/index.php?rest_route=\/wp\/v2\/pages\/4295\/revisions"}],"predecessor-version":[{"id":4418,"href":"https:\/\/www.poprawska-kasztelan.pl\/index.php?rest_route=\/wp\/v2\/pages\/4295\/revisions\/4418"}],"wp:attachment":[{"href":"https:\/\/www.poprawska-kasztelan.pl\/index.php?rest_route=%2Fwp%2Fv2%2Fmedia&parent=4295"}],"curies":[{"name":"wp","href":"https:\/\/api.w.org\/{rel}","templated":true}]}}

<p>Jesteśmy firmą świadczącą usługi audytorsko – rachunkowe od ponad siedemnastu lat. Spółka Poprawska i Kasztelan, Biegli Rewidenci powstała w 2003 roku (nr KRS: 0000164893). Dnia 15.07.2003 roku, zostaliśmy wpisani do prowadzonego przez Krajową Izbę Biegłych Rewidentów rejestru podmiotów uprawnionych do badania sprawozdań finansowych pod poz. 2791.</p>



<p>Od 2003 roku, specjalizujemy się w świadczeniu usług w zakresie czynności rewizji finansowej, w tym badania sprawozdań finansowych, jak również pozostałych usług wykonywanych przez biegłych rewidentów. Usługi te wykonują Partnerzy Spółki oraz współpracujący Biegli Rewidenci i aplikanci, charakteryzujący się fachową wiedzą niezbędną do realizacji powierzonych prac.</p>



<p>Do dnia 31.12.2019 roku, specjalizowaliśmy się również w kompleksowej obsłudze księgowo – podatkowej oraz kadrowo – płacowej podmiotów gospodarczych o różnej formie prawnej i rodzaju działalności. Dla przejrzystości działalności, usługi te zostały przeniesione z dniem 01.01.2020 roku do odrębnego podmiotu: JPK Poprawska i Kasztelan Spółka Jawna.</p>



<h2 class="wp-block-heading">Co nas wyróżnia?</h2>



<ul class="wp-block-list">
<li>Wieloletnie doświadczenie</li>



<li>Profesjonalizm, rzetelność</li>



<li>Bezpieczeństwo i poufność danych</li>



<li>Indywidualne podejście</li>



<li>Jasne i przejrzyste warunki współpracy</li>



<li>Dogodna lokalizacja</li>
</ul>



<h2 class="wp-block-heading">Zarząd – Partnerzy</h2>



<p>Zarząd Spółki tworzą:</p>



<ul class="wp-block-list">
<li>Małgorzata Poprawska – Biegły Rewident nr upr. 5796</li>



<li>Hanna Kasztelan – Biegły Rewident nr upr. 7780</li>
</ul>



<p>Partnerzy Zarządu charakteryzują się długoletnim stażem pracy – zarówno w zakresie prowadzenia ksiąg rachunkowych, organizacji rachunkowości i doradztwa podatkowego, jak również badania i nadzoru nad realizacją badania sprawozdań finansowych podmiotów z różnych branż, działających w różnych formach prawnych.</p>

<p>Jesteśmy firmą świadczącą usługi audytorsko – rachunkowe od ponad siedemnastu lat. Spółka Poprawska i Kasztelan, Biegli Rewidenci powstała w 2003 roku (nr KRS: 0000164893). Dnia 15.07.2003 roku, zostaliśmy wpisani do prowadzonego przez Krajową Izbę Biegłych Rewidentów rejestru podmiotów uprawnionych do badania sprawozdań finansowych pod poz. 2791. Od 2003 roku, specjalizujemy [&hellip;]</p>
